) = x**3 + 3*x**2 - x - 9. Give z(-4).
-21
Let w(s) = -16*s + 5. What is w(-4)?
69
Let u(q) = 5*q**2 + 29*q - 14. Determine u(-6).
-8
Let v(g) = -g**2 + 2*g + 1. Determine v(0).
1
Let p(t) = -t**3 + 9*t**2 - 16*t - 6. What is p(7)?
-20
Let s(a) = -a + 92. What is s(0)?
92
Let p(h) = -h**2 + 2*h + 41. Give p(8).
-7
Let h(s) = s**3 + 3*s**2 - 4*s - 4. Calculate h(-3).
8
Let c(o) = 18*o + 233. Calculate c(-13).
-1
Let s(h) = 28*h - 1349. What is s(48)?
-5
Let s(f) = 160*f + 801. Determine s(-5).
1
Let t(d) = d**3 - 5*d**2 - 4*d + 11. Calculate t(5).
-9
Let u(z) = z**2 + 4*z - 5. Calculate u(-6).
7
Let k(f) = f**2 + 11*f - 23. Calculate k(-13).
3
Let g(c) = 4*c**3 + 2*c**2 + 3*c + 2. Give g(2).
48
Let w(i) = -2*i. What is w(-4)?
8
Let h(v) = -v**3 + 2*v + 28. Give h(0).
28
Let l(h) = h**3 + 10*h**2 + 12*h + 17. Calculate l(-9).
-10
Let f(b) = b**3 - 19*b**2 - 19*b - 28. What is f(20)?
-8
Let k(c) = -c**3 + c**2 + 8*c - 7. What is k(-3)?
5
Let s(l) = l**2 - 7*l - 5. What is s(8)?
3
Let t(f) = -f**2 - 17*f - 4. Determine t(0).
-4
Let s(j) = j**2 + j + 20. Calculate s(-6).
50
Let g(b) = b**2 - 16*b + 17. What is g(15)?
2
Let z(d) = -3*d + 5. Give z(3).
-4
Let u(c) = 2*c - 42. Calculate u(18).
-6
Let x(r) = -r**3 - 20*r**2 - 19*r - 25. Calculate x(-19).
-25
Let a(q) = -q**3 - 3*q**2 + 3*q + 7. Give a(-3).
-2
Let t(o) = -o**3 + 8*o**2 + 19*o + 14. What is t(10)?
4
Let h(z) = -z + 5. Calculate h(-7).
12
Let b(z) = 2*z + 7. What is b(6)?
19
Let h(o) = -o**3 - 6*o**2 + 6*o + 7. What is h(-7)?
14
Let o(n) = n**3 - 5*n**2 + 3*n - 4. Calculate o(4).
-8
Let t(p) = -3*p + 7. Determine t(4).
-5
Let u(q) = -q**2 - 11*q - 36. Determine u(-7).
-8
Let u(b) = 60*b**3 - b**2 - b + 1. Calculate u(-1).
-59
Let d(r) = -r**3 + 10*r**2 - 18*r + 24. Calculate d(8).
8
Let m(i) = 8*i - 11. Calculate m(-4).
-43
Let w(f) = f**2 + 2*f - 2. Calculate w(-4).
6
Let i(f) = 7*f - 52. Calculate i(10).
18
Let z(h) = h**3 + 7*h**2 + 4*h - 3. Calculate z(-6).
9
Let w(x) = x**2 + 18*x + 21. Give w(-17).
4
Let r(n) = n**3 + 5*n**2 - 4*n - 17. What is r(-5)?
3
Let a(q) = -q**2 + 4*q + 6. Give a(5).
1
Let v(r) = -21*r + 33. Calculate v(10).
-177
Let q(f) = -f**3 - 13*f**2 + 15*f + 9. Give q(-14).
-5
Let l(i) = -2*i**3 - 8*i**2 - 11*i - 38. What is l(-4)?
6
Let g(y) = -y - 26. Calculate g(-18).
-8
Let w(l) = -47*l**3 - l**2 - l. Give w(-1).
47
Let k(q) = -4*q**2 + q + 17. Determine k(-2).
-1
Let w(z) = -4*z**2 - 5*z - 3. Give w(-4).
-47
Let x(l) = -11*l - 4. Give x(-3).
29
Let w(r) = -r**3 + 14*r**2 - 7*r - 51. Give w(13).
27
Let b(r) = 12*r**3 - r**2 + 4*r + 4. Give b(-1).
-13
Let o(n) = 8*n - 378. What is o(47)?
-2
Let k(b) = -b**2 + 12*b + 29. What is k(13)?
16
Let g(d) = 5*d - 6. Determine g(-3).
-21
Let r(t) = t**3 + 6*t**2 - 9*t - 6. Calculate r(-6).
48
Let l(p) = -2*p**3 + 4*p + 1. Calculate l(-3).
43
Let o(l) = -l - 17. Give o(-16).
-1
Let b(g) = -g - 6. What is b(0)?
-6
Let w(f) = -f**3 - 8*f**2 + 16*f + 11. What is w(-10)?
51
Let q(x) = -2*x**2 - 31*x + 34. Calculate q(-14).
76
Let w(a) = -66*a - 572. Determine w(-9).
22
Let o(p) = 10*p. Give o(1).
10
Let i(a) = -9*a + 330. Give i(36).
6
Let y(s) = 6*s + 34. Determine y(-5).
4
Let h(w) = -108*w + 96. Calculate h(1).
-12
Let n(c) = c + 55. Calculate n(-54).
1
Let b(h) = -h**3 + 6*h**2 - h - 2. Give b(4).
26
Let l(w) = -5*w**3 + w**2 - 3*w + 1. Calculate l(1).
-6
Let n(v) = 32*v - 145. Give n(5).
15
Let j(u) = -u**3 - 11*u**2 - 13*u - 20. What is j(-10)?
10
Let d(z) = -z**3 + 11*z**2 - 13*z - 1. Give d(11).
-144
Let g(o) = o**2 - 2. Calculate g(5).
23
Let k(l) = -l - 19. What is k(15)?
-34
Let a(q) = -q**2 + 2*q + 56. What is a(-6)?
8
Let w(b) = 2*b**2 - 19*b - 11. Give w(10).
-1
Let h(o) = 10*o**2 + 2*o - 3. Calculate h(2).
41
Let k(q) = -q**3 - 3*q**2 + q - 2. What is k(-2)?
-8
Let r(n) = n**3 + 21*n**2 + 3. Calculate r(-21).
3
Let y(c) = -c**2 + 1. Calculate y(-4).
-15
Let h(o) = o**2 + 6*o - 3. Calculate h(-7).
4
Let i(s) = 11*s - 30. Calculate i(3).
3
Let g(y) = -25*y - 87. What is g(-4)?
13
Let u(o) = o**3 - 2*o**2 - 8*o. Give u(4).
0
Let q(n) = n**3 + 11*n**2 - 30*n - 5. Calculate q(-13).
47
Let o(t) = -6*t**3 + 2*t**2 + 3*t + 3. Give o(-1).
8
Let h(u) = -7*u + 30. Determine h(5).
-5
Let d(k) = -2*k**3 - 5*k**2 - 3*k - 2. Calculate d(-3).
16
Let n(a) = -25*a - 1. Calculate n(-1).
24
Let s(k) = -21*k + 2. Determine s(-1).
23
Let m(s) = -s**2 + 4*s + 3. What is m(5)?
-2
Let j(c) = -c**2 + 6*c - 9. Determine j(8).
-25
Let z(n) = -n**2 - 14*n - 3. What is z(-16)?
-35
Let o(d) = d**2 + 27*d + 93. Determine o(-23).
1
Let u(w) = w**3 - 5*w**2 + 2*w - 1. What is u(5)?
9
Let u(s) = s**2 - 8*s - 5. What is u(7)?
-12
Let f(l) = -2*l**2 - 22*l - 25. Determine f(-11).
-25
Let w(g) = 5*g**2. What is w(-1)?
5
Let q(i) = i**2 + 13*i + 4. What is q(-12)?
-8
Let r(l) = -l + 10. Give r(7).
3
Let a(p) = p**2 + 8*p - 27. What is a(-11)?
6
Let g(k) = -k - 1. What is g(-4)?
3
Let p(h) = 3*h + 4. What is p(3)?
13
Let k(a) = a**3 + 13*a**2 - 29*a + 4. Calculate k(-15).
-11
Let i(y) = 7*y - 36. Determine i(6).
6
Let u(n) = n - 27. What is u(17)?
-10
Let d(t) = 21*t**2 + 168*t + 2. Determine d(-8).
2
Let v(g) = -2*g + 13. Determine v(10).
-7
Let z(r) = r**3 - 5*r**2 + 9*r - 9. Calculate z(4).
11
Let h(u) = -u**2 - 7*u + 1. Calculate h(-3).
13
Let c(t) = 22*t - 81. Calculate c(7).
73
Let n(u) = 7*u**3 - 3*u**2 - 2*u - 2. Give n(-2).
-66
Let n(b) = b**3 - 5*b**2 - b - 4. Determine n(5).
-9
Let q(t) = -t + 8. Calculate q(5).
3
Let s(f) = 2*f**3 + 7*f**2 - 4*f - 7. Determine s(-4).
-7
Let s(u) = u**3 - 8*u**2 + 10*u + 4. Determine s(7).
25
Let c(n) = 24*n. Give c(4).
96
Let d(c) = -c**3 + 7*c**2 - 15*c + 19. What is d(5)?
-6
Let v(i) = -i**2 + 4*i + 18. Give v(-4).
-14
Let g(z) = z - 2. Determine g(0).
-2
Let x(s) = -s**2 - 15*s + 31. Determine x(-17).
-3
Let f(p) = -p**2 + 4*p - 7. What is f(6)?
-19
Let j(z) = -z**3 + 15*z**2 - 13*z - 12. Determine j(14).
2
Let b(w) = w**3 + 37*w**2 - 122*w - 74. What is b(-40)?
6
Let m(k) = -k**3 + 6*k**2 + 6*k + 7. What is m(8)?
-73
Let g(w) = -63*w**3 - 2*w**2 - 2*w. Determine g(-1).
63
Let y(m) = m**3 + 2*m**2 - 12*m - 4. Calculate y(3).
5
Let g(s) = s**3 - 11*s**2 - 2*s + 2. Give g(10).
-118
Let p(j) = -2*j**3 + 2*j**2 - j - 1. Give p(2).
-11
Let m(n) = 102*n**3 + 2*n**2 - n. What is m(1)?
103
Let q(g) = -g - 13. Determine q(-16).
3
Let w(b) = -43*b**2 + 2. Calculate w(-1).
-41
Let m(w) = -2*w**2 + 25*w - 3. Determine m(10).
47
Let v(a) = 39*a**2 - 3*a - 2. What is v(2)?
148
Let c(h) = h**3 - 4*h**2 - 11*h + 3. Give c(6).
9
Let f(u) = -u**2 - 5*u - 3. Give f(-5).
-3
Let t(f) = 2*f + 4. Calculate t(-5).
-6
Let l(k) = k**3 + k**2 - 2*k + 5. What is l(-2)?
5
Let s(h) = -h**3 + 16*h**2 - 15*h + 1. Determine s(15).
1
Let m(w) = 9*w**2 + 6*w - 1. What is m(-2)?
23
Let k(r) = -r**2 - 7*r - 26. Give k(8).
-146
Let a(z) = 2*z**3 - 13*z**2 + 2*z + 12. Determine a(6).
-12
Let l(r) = -r**3 + 14*r**2 - 14*r - 20. Give l(13).
-33
Let z(i) = -3*i - 5. Calculate z(0).
-5
Let h(m) = -6*m + 29. What is h(4)?
5
Let w(i) = i**2 - 7*i. What is w(6)?
-6
Let q(z) = 2*z**2 - 3*z - 1. Give q(-2).
13
Let u(v) = -9*v + 114. Determine u(13).
-3
Let f(a) = -27*a - 209. What is f(-8)?
7
Let s(q) = -q**2 - 6*q - 9. Calculate s(-6).
-9
Let v(s) = s**3 + 15*s**2 - 17*s - 11. Determine v(-16).
5
Let c(j) = 5*j**2 + 71*j - 4. Determine c(-14).
-18
Let z(m) = -m**2 + 54*m - 60. What is z(53)?
-7
Let a(w) = w**2 + 4*w + 54. Calculate a(-6).
66
Let c(q) = -q**2 - 20*q + 99. Calculate c(5).
-26
Let l(z) = -22*z + 222. What is l(10)?
2
Let a(p) = -4*p + 72. Calculate a(34).
-64
Let b(i) = i**2 - 12*i + 14. Calculate b(10).
-6
Let m(b) = -b**3 - 2*b**2. What is m(-1)?
-1
Let n(x) = -x**3 - 8*x**2 + 14*x - 5. Give n(-10).
55
Let o(n) = -3*n - 15. What is o(-4)?
-3
Let v(u) = -17*u + 184. Determine v(9).
31
Let b(p) = -2*p**2 + 31*p - 10. Give b(15).
5
Let f(p) = -p**2 + 4*p - 2. Determine f(4).
-2
Let l(t) = -3*t + 27. Give l(15).
-18
Let z(f) = f**2 - 9*f + 3. Determine z(6).
-15
Let a(o) = 8*o**3 + 6*o**2 + 3*o + 1. What is a(-1)?
-4
Let f(y) = -y**2 + 10*y + 3. Calculate f(10).
3
Let i(l) = -6*l**2 + 3*l + 2. Determine i(3).
-43
Let v(p) = -p**2 + 2. Give v(-3).
-7
Let f(g) = -18*g**2 - 3*g. Determine f(3).
-171
Let a(u) = 8*u - 11. Calculate a(10).
6